{"id":1818,"date":"2022-10-10T16:44:11","date_gmt":"2022-10-10T16:44:11","guid":{"rendered":"https:\/\/bebob.de\/content\/?page_id=1818"},"modified":"2022-10-11T11:10:48","modified_gmt":"2022-10-11T11:10:48","slug":"typisch-bebob","status":"publish","type":"page","link":"https:\/\/bebob.de\/content\/typisch-bebob\/","title":{"rendered":"Typisch bebob"},"content":{"rendered":"\n<div style=\"height:50px\" aria-hidden=\"true\" class=\"wp-block-spacer\"><\/div>\n\n\n\n<h1 class=\"wp-block-heading\">Typisch bebob<\/h1>\n\n\n\n<div class=\"wp-block-group is-style-page-wrapper\">\n<div class=\"wp-block-columns is-style-default\">\n<div class=\"wp-block-column\">\n<div class=\"wp-block-columns\">\n<div class=\"wp-block-column is-vertically-aligned-center\" style=\"flex-basis:10%\">\n<figure class=\"wp-block-image alignright size-full is-style-default\"><img decoding=\"async\" loading=\"lazy\" width=\"120\" height=\"122\" src=\"https:\/\/bebob.de\/content\/app\/uploads\/2022\/10\/Screenshot-2022-10-11-at-11.49.57.png\" alt=\"\" class=\"wp-image-1855\"\/><\/figure>\n<\/div>\n\n\n\n<div class=\"wp-block-column is-vertically-aligned-center\" style=\"flex-basis:90%\">\n<p><strong>Nahezu unzerbrechlich<\/strong><\/p>\n\n\n\n<p>Alle Akkus \u00fcberstehen einen Fall aus 1,5 m H\u00f6he unbeschadet. Sollte ein Geh\u00e4use trotzdem brechen, k\u00f6nnen &#8211; dank des modularen Aufbaus &#8211; alle mechanischen Teile ersetzt werden.<\/p>\n<\/div>\n<\/div>\n\n\n\n<div class=\"wp-block-columns\">\n<div class=\"wp-block-column\" style=\"flex-basis:10%\">\n<figure class=\"wp-block-image alignright size-full is-style-default\"><img decoding=\"async\" loading=\"lazy\" width=\"90\" height=\"132\" src=\"https:\/\/bebob.de\/content\/app\/uploads\/2022\/10\/Screenshot-2022-10-11-at-11.46.58.png\" alt=\"\" class=\"wp-image-1845\"\/><\/figure>\n<\/div>\n\n\n\n<div class=\"wp-block-column is-vertically-aligned-center\" style=\"flex-basis:90%\">\n<p><strong>Hochstromf\u00e4hig<\/strong><\/p>\n\n\n\n<p>Dank der eigenentwickelten V-Mount CINE Schnittstelle und der passenden CINE-VMM-HL Kameraplatte k\u00f6nnen Sie 20A Dauerstrom aus einem Akku entnehmen, ohne die Kontakte noch die Zellen zu besch\u00e4digen (Trimix HL Zellen).<\/p>\n<\/div>\n<\/div>\n\n\n\n<div class=\"wp-block-columns\">\n<div class=\"wp-block-column is-vertically-aligned-center\" style=\"flex-basis:10%\">\n<figure class=\"wp-block-image alignright size-full is-style-default\"><img decoding=\"async\" loading=\"lazy\" width=\"112\" height=\"116\" src=\"https:\/\/bebob.de\/content\/app\/uploads\/2022\/10\/Screenshot-2022-10-11-at-11.50.31.png\" alt=\"\" class=\"wp-image-1857\"\/><\/figure>\n<\/div>\n\n\n\n<div class=\"wp-block-column is-vertically-aligned-center\" style=\"flex-basis:90%\">\n<p><strong>Austauschbare Zellen<\/strong><\/p>\n\n\n\n<p>bebob Akkus sind keine Einwegprodukte, sondern langlebige Ausr\u00fcstungsgegenst\u00e4nde. Wenn nach jahrelanger Nutzung die Akkukapazit\u00e4t sinkt, k\u00f6nnen die Zellen in unserem Werk getauscht werden!<\/p>\n<\/div>\n<\/div>\n\n\n\n<div class=\"wp-block-columns\">\n<div class=\"wp-block-column is-vertically-aligned-center\" style=\"flex-basis:10%\">\n<figure class=\"wp-block-image alignright size-full is-style-default\"><img decoding=\"async\" loading=\"lazy\" width=\"126\" height=\"118\" src=\"https:\/\/bebob.de\/content\/app\/uploads\/2022\/10\/Screenshot-2022-10-11-at-11.51.08.png\" alt=\"\" class=\"wp-image-1859\"\/><\/figure>\n<\/div>\n\n\n\n<div class=\"wp-block-column is-vertically-aligned-center\" style=\"flex-basis:90%\">\n<p><strong>Status-Alarm<\/strong><\/p>\n\n\n\n<p>Zus\u00e4tzlich zu der Ladestandsanzeige verf\u00fcgen bebob Akkus \u00fcber einen Status-Alarm, der das Verh\u00e4ltnis der Gesamtkapazit\u00e4t zum urspr\u00fcnglichen Neuwert anzeigt. Sobald bei \u00e4lteren Akkus die Gesamtkapazit\u00e4t unter 70% (CINE Akkus 80%) des Neuwerts sinkt, leuchtet die LED-Statusanzeige gelb, bei unter 50% (CINE Akkus 60%) rot. So haben Sie den Zustand Ihrer Akkus immer im Blick und k\u00f6nnen gegebenenfalls \u00fcber den Austausch der Zellen entscheiden.<\/p>\n<\/div>\n<\/div>\n\n\n\n<div class=\"wp-block-columns\">\n<div class=\"wp-block-column is-vertically-aligned-center\" style=\"flex-basis:10%\">\n<figure class=\"wp-block-image alignright size-full is-style-default\"><img decoding=\"async\" loading=\"lazy\" width=\"136\" height=\"100\" src=\"https:\/\/bebob.de\/content\/app\/uploads\/2022\/10\/Screenshot-2022-10-11-at-11.51.56.png\" alt=\"\" class=\"wp-image-1861\"\/><\/figure>\n<\/div>\n\n\n\n<div class=\"wp-block-column is-vertically-aligned-center\" style=\"flex-basis:90%\">\n<p><strong>Twist D-Tap<\/strong><\/p>\n\n\n\n<p>Nur bebob Akkus sind mit dem cleveren, regenfesten &#8222;Doppel-D-Tap&#8220; ausgestattet. So k\u00f6nnen Sie die Einsteckrichtung und die Kabelf\u00fchrung links oder rechts frei w\u00e4hlen, ganz nach Ihren Bed\u00fcrfnissen.<\/p>\n<\/div>\n<\/div>\n\n\n\n<div class=\"wp-block-columns\">\n<div class=\"wp-block-column is-vertically-aligned-center\" style=\"flex-basis:10%\">\n<figure class=\"wp-block-image alignright size-full is-style-default\"><img decoding=\"async\" loading=\"lazy\" width=\"82\" height=\"126\" src=\"https:\/\/bebob.de\/content\/app\/uploads\/2022\/10\/Screenshot-2022-10-11-at-11.52.32.png\" alt=\"\" class=\"wp-image-1863\"\/><\/figure>\n<\/div>\n\n\n\n<div class=\"wp-block-column is-vertically-aligned-center\" style=\"flex-basis:90%\">\n<p><strong>USB-Ausgang<\/strong><\/p>\n\n\n\n<p>Zum Anschluss USB-betriebener Ger\u00e4te sind bebob Akkus mit einem USB-Port (5V 1A) ausger\u00fcstet. So k\u00f6nnen Sie beim Drehen schnell Ihr Smartphone oder Tablett nachladen!<\/p>\n<\/div>\n<\/div>\n\n\n\n<div class=\"wp-block-columns\">\n<div class=\"wp-block-column is-vertically-aligned-center\" style=\"flex-basis:10%\">\n<figure class=\"wp-block-image alignright size-full is-resized is-style-default\"><img decoding=\"async\" loading=\"lazy\" src=\"https:\/\/bebob.de\/content\/app\/uploads\/2022\/10\/Screenshot-2022-10-11-at-11.53.40.png\" alt=\"\" class=\"wp-image-1865\" width=\"132\" height=\"130\"\/><\/figure>\n<\/div>\n\n\n\n<div class=\"wp-block-column is-vertically-aligned-center\" style=\"flex-basis:90%\">\n<p><strong>Integrierte Taschenlampe<\/strong><\/p>\n\n\n\n<p>Die bebob Mini Akkus sind mit einer LED Taschenlampe ausgestattet. Diese praktische Zusatzfunktion wird jeder zu sch\u00e4tzen wissen, der am (dunklen) Set schon einmal etwas gesucht hat\u2026<\/p>\n<\/div>\n<\/div>\n<\/div>\n<\/div>\n<\/div>\n","protected":false},"excerpt":{"rendered":"<p>Typisch bebob Nahezu unzerbrechlich Alle Akkus \u00fcberstehen einen Fall aus 1,5 m H\u00f6he unbeschadet. Sollte ein Geh\u00e4use trotzdem brechen, k\u00f6nnen &#8211; dank des modularen Aufbaus &#8211; alle mechanischen Teile ersetzt werden. Hochstromf\u00e4hig Dank der eigenentwickelten V-Mount CINE Schnittstelle und der passenden CINE-VMM-HL Kameraplatte k\u00f6nnen Sie 20A Dauerstrom aus einem Akku entnehmen, ohne die Kontakte noch &hellip;<br \/>\n    <a class=\"text-beboblightblue\" href=\"https:\/\/bebob.de\/content\/typisch-bebob\/\"><\/a><\/p>\n","protected":false},"author":7,"featured_media":0,"parent":0,"menu_order":0,"comment_status":"closed","ping_status":"closed","template":"","meta":{"_seopress_robots_primary_cat":"","_seopress_titles_title":"","_seopress_titles_desc":"","_seopress_robots_index":""},"acf":[],"lang":"de","translations":{"de":1818,"en":1885},"pll_sync_post":[],"_links":{"self":[{"href":"https:\/\/bebob.de\/content\/wp-json\/wp\/v2\/pages\/1818"}],"collection":[{"href":"https:\/\/bebob.de\/content\/wp-json\/wp\/v2\/pages"}],"about":[{"href":"https:\/\/bebob.de\/content\/wp-json\/wp\/v2\/types\/page"}],"author":[{"embeddable":true,"href":"https:\/\/bebob.de\/content\/wp-json\/wp\/v2\/users\/7"}],"replies":[{"embeddable":true,"href":"https:\/\/bebob.de\/content\/wp-json\/wp\/v2\/comments?post=1818"}],"version-history":[{"count":33,"href":"https:\/\/bebob.de\/content\/wp-json\/wp\/v2\/pages\/1818\/revisions"}],"predecessor-version":[{"id":1928,"href":"https:\/\/bebob.de\/content\/wp-json\/wp\/v2\/pages\/1818\/revisions\/1928"}],"wp:attachment":[{"href":"https:\/\/bebob.de\/content\/wp-json\/wp\/v2\/media?parent=1818"}],"curies":[{"name":"wp","href":"https:\/\/api.w.org\/{rel}","templated":true}]}}